33321
List the prime factors of 16276696.
2, 137, 14851
List the prime factors of 1329128.
2, 17, 29, 337
What are the prime factors of 166901?
7, 113, 211
List the prime factors of 3850547.
3850547
List the prime factors of 241671.
3, 80557
List the prime factors of 21504316.
2, 769, 6991
What are the prime factors of 1023393?
3, 7, 48733
List the prime factors of 1207528.
2, 7, 21563
List the prime factors of 12202053.
3, 1733, 2347
List the prime factors of 1783542.
2, 3, 297257
List the prime factors of 8342335.
5, 1668467
List the prime factors of 688436.
2, 7, 23, 1069
What are the prime factors of 191395?
5, 101, 379
List the prime factors of 11492798.
2, 139, 41341
What are the prime factors of 14761147?
23, 641789
List the prime factors of 2522563.
31, 81373
What are the prime factors of 5657109?
3, 1885703
What are the prime factors of 102926?
2, 53, 971
What are the prime factors of 383472?
2, 3, 2663
List the prime factors of 1129463.
17, 29, 79
What are the prime factors of 83625?
3, 5, 223
What are the prime factors of 5199947?
43, 120929
What are the prime factors of 927590?
2, 5, 23, 37, 109
List the prime factors of 4342357.
37, 117361
List the prime factors of 4845366.
2, 3, 53, 1693
List the prime factors of 300482.
2, 7, 13, 127
List the prime factors of 529179.
3, 7, 113, 223
What are the prime factors of 113876?
2, 7, 83
List the prime factors of 6852938.
2, 17, 201557
What are the prime factors of 159897?
3, 53299
What are the prime factors of 671679?
3, 24877
What are the prime factors of 721825?
5, 13, 2221
What are the prime factors of 3860109?
3, 11, 41, 317
List the prime factors of 4299377.
19, 226283
List the prime factors of 239407.
7, 23, 1487
List the prime factors of 6180666.
2, 3, 1030111
List the prime factors of 5038997.
137, 36781
List the prime factors of 15177059.
15177059
What are the prime factors of 3126917?
43, 72719
List the prime factors of 126489.
3, 11, 3833
What are the prime factors of 1990972?
2, 17, 19, 23, 67
What are the prime factors of 458361?
3, 50929
List the prime factors of 120016.
2, 13, 577
List the prime factors of 334569.
3, 229, 487
List the prime factors of 9623888.
2, 31, 19403
List the prime factors of 5289618.
2, 3, 17, 51859
List the prime factors of 520334.
2, 19, 13693
List the prime factors of 8878264.
2, 1109783
List the prime factors of 1315543.
1315543
What are the prime factors of 2953?
2953
List the prime factors of 25596679.
17, 1505687
List the prime factors of 1856161.
109, 17029
List the prime factors of 1163175.
3, 5, 13, 1193
What are the prime factors of 15440136?
2, 3, 211, 3049
List the prime factors of 669255.
3, 5, 44617
What are the prime factors of 107910?
2, 3, 5, 11, 109
What are the prime factors of 671784?
2, 3, 23, 1217
List the prime factors of 16746332.
2, 137, 30559
List the prime factors of 4138766.
2, 2069383
List the prime factors of 17628645.
3, 5, 1175243
What are the prime factors of 2016682?
2, 239, 4219
List the prime factors of 1332386.
2, 11, 71, 853
List the prime factors of 9214146.
2, 3, 511897
What are the prime factors of 158237?
79, 2003
What are the prime factors of 330100?
2, 5, 3301
List the prime factors of 16463592.
2, 3, 251, 911
List the prime factors of 31617973.
2591, 12203
What are the prime factors of 15095063?
19, 794477
What are the prime factors of 5205187?
13, 431, 929
List the prime factors of 532208.
2, 29, 31, 37
What are the prime factors of 6147386?
2, 7, 571, 769
List the prime factors of 2139398.
2, 53, 20183
List the prime factors of 234890.
2, 5, 83, 283
List the prime factors of 220002.
2, 3, 37, 991
What are the prime factors of 2105315?
5, 263, 1601
What are the prime factors of 3115221?
3, 19, 31, 41, 43
What are the prime factors of 22325964?
2, 3, 17, 109441
List the prime factors of 3074563.
67, 109, 421
What are the prime factors of 961437?
3, 29, 43, 257
What are the prime factors of 440433?
3, 7, 6991
What are the prime factors of 2355046?
2, 503, 2341
List the prime factors of 415671.
3, 127, 1091
List the prime factors of 463161.
3, 154387
List the prime factors of 876210.
2, 3, 5, 29207
List the prime factors of 665641.
331, 2011
What are the prime factors of 2356185?
3, 5, 13, 43, 281
List the prime factors of 198704.
2, 11, 1129
What are the prime factors of 595354?
2, 179, 1663
List the prime factors of 14826.
2, 3, 7, 353
What are the prime factors of 1725251?
11, 156841
List the prime factors of 323528.
2, 37, 1093
What are the prime factors of 9915421?
9915421
List the prime factors of 43308.
2, 3, 401
List the prime factors of 3862742.
2, 13, 29, 47, 109
What are the prime factors of 122864?
2, 7, 1097
List the prime factors of 425414.
2, 11, 61, 317
List the prime factors of 261701.
11, 37, 643
List the prime factors of 238567.
7, 173, 197
What are the prime factors of 10490333?
7, 1498619
What are the prime factors of 468911?
17, 27583
List the prime factors of 773593.
281, 2753
List the prime factors of 14944500.
2, 3, 5, 41
List the prime factors of 3692232.
2, 3, 19, 2699
List the prime factors of 344925.
3, 5, 7, 73
What are the prime factors of 82150?
2, 5, 31, 53
What are the prime factors of 4625747?
7, 67, 1409
What are the prime factors of 1262358?
2, 3, 97, 241
What are the prime factors of 307555?
5, 61511
List the prime factors of 2402072.
2, 71, 4229
What are the prime factors of 7591802?
2, 97, 39133
What are the prime factors of 851676?
2, 3, 7, 10139
What are the prime factors of 458065?
5, 17, 317
What are the prime factors of 382861?
382861
What are the prime factors of 15423726?
2, 3, 17, 151213
List the prime factors of 2885469.
3, 89, 101, 107
What are the prime factors of 1256573?
1256573
What are the prime factors of 5947933?
1907, 3119
List the prime factors of 9449621.
29, 325849
What are the prime factors of 8390282?
2, 17, 246773
What are the prime factors of 17863?
17863
List the prime factors of 1144659.
3, 29, 59, 223
List the prime factors of 438605.
5, 87721
What are the prime factors of 997071?
3, 163, 2039
What are the prime factors of 1068057?
3, 118673
List the prime factors of 124661.
17, 7333
List the prime factors of 4782850.
2, 5, 23, 4159
List the prime factors of 825913.
11, 75083
List the prime factors of 251428.
2, 239, 263
What are the prime factors of 2801597?
2801597
What are the prime factors of 5129890?
2, 5, 512989
What are the prime factors of 2766026?
2, 23, 157, 383
List the prime factors of 32499592.
2, 163, 24923
List the prime factors of 6912069.
3, 2304023
What are the prime factors of 10395?
3, 5, 7, 11
List the prime factors of 31236833.
3169, 9857
What are the prime factors of 681332?
2, 59, 2887
List the prime factors of 5781198.
2, 3, 751, 1283
What are the prime factors of 65836?
2, 109, 151
List the prime factors of 1085277.
3, 43, 47, 179
List the prime factors of 3863375.
5, 31, 997
List the prime factors of 7572242.
2, 17, 222713
List the prime factors of 5986740.
2, 3, 5, 113, 883
List the prime factors of 2272346.
2, 761, 1493
List the prime factors of 16937830.
2, 5, 7, 13, 2659
List the prime factors of 284638.
2, 142319
What are the prime factors of 9812413?
13, 71, 10631
What are the prime factors of 92191?
11, 17, 29
What are the prime factors of 1505217?
3, 7, 229, 313
List the prime factors of 2297733.
3, 313, 2447
List the prime factors of 222955.
5, 17, 43, 61
List the prime factors of 8902744.
2, 179, 6217
List the prime factors of 5139456.
2, 3, 7, 239
List the prime factors of 181255.
5, 36251
What are the prime factors of 103867?
103867
List the prime factors of 20677229.
223, 92723
What are the prime factors of 217393?
11, 19763
What are the prime factors of 168635?
5, 29, 1163
What are the prime factors of 1528301?
887, 1723
What are the prime factors of 5375863?
431, 12473
List the prime factors of 10964881.
17, 19, 83, 409
List the prime factors of 476559.
3, 52951
List the prime factors of 5116411.
5116411
List the prime factors of 200146.
2, 19, 23, 229
List the prime factors of 1457644.
2, 364411
What are the prime factors of 198795?
3, 5, 29, 457
What are the prime factors of 145501?
145501
What are the prime factors of 5830083?
3, 7, 109, 283
What are the prime factors of 11126633?
7, 29, 59